and 368592?
16
Calculate the highest common factor of 520 and 330.
10
Calculate the greatest common factor of 717827 and 22.
11
Calculate the greatest common factor of 3444263 and 19.
19
Calculate the greatest common factor of 164 and 636484.
164
What is the greatest common divisor of 1449 and 7751?
23
What is the greatest common factor of 15 and 110727?
3
Calculate the highest common factor of 159241 and 472.
59
Calculate the greatest common factor of 403 and 3068.
13
Calculate the highest common factor of 1246 and 9434.
178
What is the greatest common divisor of 17976 and 40232?
856
Calculate the highest common factor of 900606 and 574.
574
Calculate the highest common divisor of 78310 and 70.
10
Calculate the highest common factor of 3575 and 2035.
55
Calculate the highest common divisor of 725 and 5258425.
725
Calculate the highest common divisor of 689 and 25181.
13
Calculate the highest common divisor of 20 and 412780.
20
Calculate the highest common divisor of 35647 and 387.
43
Calculate the highest common factor of 384 and 38424.
24
What is the greatest common factor of 9704 and 72?
8
What is the highest common divisor of 196 and 1784?
4
What is the greatest common factor of 460 and 18139640?
460
What is the greatest common factor of 110 and 15588760?
110
What is the greatest common factor of 67379 and 104?
13
Calculate the greatest common divisor of 310 and 37448.
62
What is the greatest common factor of 196 and 10822?
14
What is the highest common factor of 4560 and 18510?
30
What is the greatest common factor of 23169 and 3?
3
Calculate the highest common divisor of 46 and 15755.
23
Calculate the greatest common divisor of 112458 and 96.
6
Calculate the greatest common factor of 100466 and 15280.
382
Calculate the highest common factor of 1162409 and 202.
101
Calculate the highest common factor of 19256 and 21912.
664
What is the greatest common factor of 16398 and 90?
18
Calculate the greatest common divisor of 236 and 451173.
59
What is the greatest common divisor of 1525 and 26962?
61
Calculate the greatest common factor of 97825 and 1204.
301
What is the greatest common divisor of 75 and 82900?
25
Calculate the greatest common factor of 987 and 28905.
141
Calculate the greatest common factor of 9339 and 4811.
283
Calculate the highest common factor of 531 and 273701.
59
Calculate the highest common divisor of 55 and 152405.
55
Calculate the greatest common divisor of 15688 and 24.
8
What is the highest common factor of 2033 and 1805?
19
Calculate the highest common divisor of 13566 and 408.
102
Calculate the highest common factor of 596 and 3605800.
596
Calculate the greatest common divisor of 47039 and 51.
17
What is the highest common divisor of 29358 and 2563?
233
Calculate the highest common divisor of 330525 and 1440.
45
What is the highest common divisor of 3066 and 8322?
438
Calculate the greatest common divisor of 102570 and 7215.
195
What is the highest common divisor of 60 and 112470?
30
Calculate the greatest common factor of 13 and 223691.
13
Calculate the greatest common divisor of 42 and 1121253.
21
Calculate the highest common divisor of 169 and 2808.
13
Calculate the greatest common divisor of 507 and 71.
1
Calculate the greatest common factor of 1080 and 49440.
120
What is the greatest common divisor of 2520 and 32440?
40
Calculate the greatest common divisor of 100421 and 274.
137
What is the greatest common factor of 941590 and 520?
130
What is the greatest common factor of 612220 and 175?
35
What is the greatest common factor of 195 and 98865?
195
Calculate the greatest common divisor of 1091493 and 57798.
2223
Calculate the highest common factor of 186480 and 72.
72
Calculate the highest common divisor of 6 and 77700.
6
Calculate the greatest common divisor of 144 and 37216.
16
Calculate the highest common divisor of 41 and 744929.
41
Calculate the highest common factor of 42990 and 60.
30
What is the greatest common factor of 57352 and 106144?
856
What is the greatest common divisor of 2036 and 12?
4
Calculate the highest common divisor of 17309190 and 570.
570
Calculate the greatest common divisor of 75768 and 8008.
616
What is the highest common factor of 5375 and 41025?
25
Calculate the greatest common divisor of 105 and 58575.
15
What is the highest common divisor of 380 and 860?
20
What is the highest common factor of 60706 and 15296?
478
What is the highest common factor of 470 and 265910?
10
Calculate the highest common divisor of 120 and 80010.
30
What is the greatest common factor of 26110 and 1470?
70
Calculate the greatest common divisor of 56 and 260813.
7
What is the greatest common divisor of 158850 and 105?
15
What is the greatest common divisor of 18387 and 60836?
227
Calculate the highest common divisor of 205 and 248419.
41
Calculate the greatest common factor of 2 and 312332.
2
What is the highest common factor of 104 and 3341?
13
What is the highest common divisor of 62 and 9717074?
62
What is the greatest common factor of 107806 and 38?
38
What is the highest common divisor of 58 and 619324?
58
What is the greatest common factor of 16 and 16724?
4
Calculate the greatest common factor of 41 and 490811.
41
What is the highest common divisor of 19802643 and 42?
21
What is the greatest common factor of 10350 and 522?
18
What is the highest common factor of 2170 and 12586?
434
What is the greatest common divisor of 596 and 2007626?
298
What is the highest common factor of 24 and 481312?
8
What is the highest common factor of 296 and 35002?
74
Calculate the greatest common factor of 165064 and 1880.
376
Calculate the highest common factor of 53486 and 188.
94
Calculate the greatest common divisor of 681057 and 117.
117
What is the highest common factor of 8350 and 3650?
50
Calculate the highest common factor of 530 and 2320.
10
What is the highest common factor of 118560 and 1300?
260
What is the greatest common divisor of 7521 and 763?
109
Calculate the greatest common divisor of 120897 and 1919.
1919
What is the highest common divisor of 216 and 28404?
108
Calculate the greatest common factor of 219 and 141693.
219
What is the highest common divisor of 154080 and 800?
160
Calculate the highest common divisor of 6669 and 3534.
57
What is the greatest common factor of 4293553 and 11?
11
What is the greatest common factor of 110800 and 1500?
100
What is the greatest common divisor of 296 and 63751?
37
Calculate the greatest common divisor of 1161 and 747.
9
What is the highest common factor of 20519 and 165359?
1207
Calculate the highest common factor of 12120 and 18432.
24
Calculate the highest common factor of 8 and 52.
4
Calculate the highest common divisor of 9287 and 1739.
37
What is the highest common divisor of 235 and 451012?
47
What is the greatest common factor of 95711 and 22?
11
Calculate the highest common divisor of 931379 and 34.
17
Calculate the greatest common divisor of 158186 and 322.
14
Calculate the greatest common divisor of 14070 and 350.
70
What is the highest common divisor of 4732 and 1981?
7
Calculate the greatest common factor of 148416 and 112.
16
Calculate the greatest common factor of 38023 and 188.
47
Calculate the highest common divisor of 36344 and 1320.
88
Calculate the highest common divisor of 13550943 and 2478.
1239
What is the greatest common divisor of 3703385 and 133?
133
What is the greatest common factor of 190 and 1235?
95
What is the highest common divisor of 46602 and 1675083?
2589
What is the highest common factor of 810 and 114858?
162
What is the highest common factor of 518 and 357938?
518
Calculate the greatest common factor of 156340 and 30.
10
What is the greatest common divisor of 902250 and 810?
90
What is the highest common divisor of 810 and 20?
10
What is the highest common divisor of 736 and 30797?
23
Calculate the highest common divisor of 2564 and 332.
4
What is the highest common factor of 1885 and 1923077?
377
Calculate the greatest common divisor of 2145 and 5265.
195
What is the greatest common factor of 14711 and 1252?
313
Calculate the greatest common divisor of 4988259 and 18.
9
What is the greatest common factor of 10864 and 134636?
388
Calculate the greatest common factor of 12985 and 12243.
371
Calculate the highest co